Let k = q + 12. Suppose 4*r = -8, -2*j + k*r = -0*j - 72. Is j a composite number?
False
Let p = -17 + 26. Let a = -7 + p. Is ((-1)/a)/(1/(-94)) a prime number?
True
Let h(n) = -120*n + 8. Let d be h(-4). Suppose -4*z - s = z - d, 2*s = z - 91. Is z a composite number?
False
Let j(v) = v**2 - 4*v + 31. Let p be (-2)/2 + (-6)/3. Let r(s) = -2*s**2 + 7*s - 62. Let c(m) = p*r(m) - 5*j(m). Is c(0) composite?
False
Let p be 3 + -4 + 338 + -1. Suppose 0 = -q + p + 59. Is q a composite number?
True
Let a(x) = x**2 - x - 4. Let y be a(4). Let d be y/(-4) - 7*-1. Suppose 0 = o + 4*c - 3, -d*c = 10. Is o a composite number?
False
Let b(u) = -u + 2 - 7 + 4. Let c(t) = t**3 + 6*t**2 - 2*t - 2. Let f(l) = -5*b(l) + c(l). Is f(-3) composite?
True
Is (2/(2/2))/(16/5048) a composite number?
False
Let g(p) = 5*p - 2. Let l(u) = -9*u + 5. Let c(i) = 7*g(i) + 4*l(i). Is c(-8) prime?
False
Is 1 - -10*6/3 composite?
True
Suppose -7*v = -2*v - 10. Let u = -5 - -9. Suppose -u*c + 103 = -d - 208, -v*c - d = -151. Is c a prime number?
False
Suppose -3*c = 5*l + 51, -16 = 4*l + 3*c + 23. Let r = 15 - 12. Is (-404)/l + 1/r prime?
False
Suppose 2*z - 7*z = -1055. Is z a composite number?
False
Is (-16)/(-20)*(-555)/(-6) prime?
False
Suppose -u - 331 = -2*u. Suppose 5*a = -4*f + u, -231 = -3*f - 0*a + 2*a. Is f a composite number?
False
Suppose 3*t - t = -6. Let l(x) be the second derivative of -x**5/20 + 2*x**2 + 9*x. Is l(t) a composite number?
False
Suppose 5*q = 2*t - 0*t - 870, 4*q = 2*t - 874. Is t a prime number?
False
Let h = 0 - 30. Let k = h - -595. Is k a composite number?
True
Let u(o) = -o**3 + 6*o**2 + 7*o + 2. Let y be u(7). Is 39 + 0 - (0 + y) prime?
True
Suppose 0 = 2*y + 3*i + 51, 5*y - 5*i = -3*i - 80. Let b(s) = 18*s**2 - s - 1. Let o be b(-1). Is (-4)/y - (-626)/o prime?
False
Suppose 4*g + 1483 = k, -16*k + 3*g = -15*k - 1480. Is k prime?
True
Suppose -x = -3395 - 4208. Is x a composite number?
False
Let n be -142*4/32*4. Is 1/((-2)/n)*2 prime?
True
Let u(l) = l**3 - 3*l**2 + l - 1. Let o be u(3). Suppose 5*z = 5*d - 5, o*z = -4*d + 7 + 3. Is 1/(d*1/62) composite?
False
Suppose 2*p - 6*p = -8812. Is p prime?
True
Let s(i) = i**2 - 8*i + 7. Is s(-12) a composite number?
True
Suppose -s + 5*l - 2 - 3 = 0, 1 = 4*s + l. Suppose y = -s*y - 1. Is 53 + 1 + (-2 - y) composite?
False
Suppose -p + 4*p - 1953 = 0. Suppose 5*v - 2*v = p. Is v a prime number?
False
Is (-2746)/((-8 - -1)*(-10)/(-35)) composite?
False
Let w = -3 + 5. Suppose -4*y - 2*r + 145 + 137 = 0, w*y - 4*r = 166. Suppose 0 = -3*c - 4*g + 94, g + 7 - y = -2*c. Is c a prime number?
False
Suppose -7*s + 4*s - v + 125 = 0, -5*v + 145 = 3*s. Let w = -24 + s. Suppose -80 = -3*h + 5*z - w, -120 = -5*h - 5*z. Is h prime?
True
Let s(y) = -y**3 + 9*y**2 + y - 11. Let i be s(10). Let o = 242 + i. Is o composite?
True
Suppose 0 = 5*j - 0 + 40. Let k be ((-1)/(-2))/((-1)/j). Suppose 5*c - 257 = k*v, 2*c - 96 = v + 4*v. Is c composite?
False
Let r(v) = -150*v - 1. Let q be (0 - -2)*(-1)/2. Is r(q) a prime number?
True
Let n(c) = 2*c**3 - 7*c**2 + 6*c - 3. Suppose 4*h = -20 + 4. Let o be (h - -2 - -7) + -1. Is n(o) a prime number?
True
Let p(o) = -o**3 + 15*o**2 - 9*o - 17. Is p(14) prime?
True
Let h(g) = 195*g - 4. Let f be h(8). Suppose -4*b = -4*d - f, -114 + 504 = b - 2*d. Suppose 0*m = 2*m + 10, 3*a = -m + b. Is a composite?
False
Suppose 5*i - 5*x = 55, 0 = -4*x + 9 + 3. Is i a prime number?
False
Let j(x) = -8*x + 7. Is j(-6) prime?
False
Let y be 2*-3*8/(-12). Let a(b) = 2*b**2 + b**3 - y + 4*b**2 + 0*b**3. Is a(-5) composite?
True
Let s = 455 - 208. Is s prime?
False
Suppose 0*a + 4*i = -2*a - 88, 3*a = 5*i - 99. Let q = 17 + a. Let b = -14 - q. Is b a composite number?
False
Let x = 15 + -12. Suppose -x*g + 88 + 197 = 0. Is g a composite number?
True
Suppose -3*y + 133 + 68 = -3*b, 0 = -3*y - 2*b + 226. Let k = -37 + y. Is k composite?
True
Let b(y) = -26*y. Let a = 6 - 9. Let w be b(a). Suppose -w - 77 = -5*o. Is o a prime number?
True
Let f be (-64)/(-28) - (-8)/(-28). Suppose 3*i - f*y = 2339, -4*i - 3903 = -9*i + y. Is i composite?
True
Let b(g) = -11*g - 2. Suppose d - 2*v = -1 + 2, -3*v + 9 = -5*d. Is b(d) prime?
True
Let q(t) = -t + 2995. Is q(0) a composite number?
True
Suppose 3*f + 3*m = 18, 2*f + 30 = 7*f - 4*m. Let h(n) = -10*n - n**2 - f - 1 + 3 + 2. Is h(-5) prime?
True
Let p = 12 + -10. Is 292 - (p + (-3 - -2)) a prime number?
False
Is 109 - ((1 - 3) + 2) a prime number?
True
Suppose -114 = -5*f - f. Is f a prime number?
True
Let m be (70/4)/((-2)/4). Let f be (1/2)/((-1)/(-44)). Let n = f - m. Is n composite?
True
Suppose 1048 = 4*c + 4*f, -c + 2*f + 282 = 7*f. Is c composite?
False
Is (-6459)/(-2)*(-2)/(-3) a composite number?
False
Let k(v) = -v**2 + v + 83. Let t be 6/27 - 60/27. Let x = t - -2. Is k(x) composite?
False
Let q(b) = -b**3 - 4*b**2 - b - 9. Let i be q(-4). Is ((-1295)/2)/i*2 a composite number?
True
Let z be 27/4 + (-1)/(-4). Suppose 3 + 4 = 2*f + 3*h, h + z = 4*f. Is (f - 1)/(2/38) a prime number?
True
Is (-72)/90 - 218/(-10) a composite number?
True
Suppose -5*w = -1 + 26. Let b(s) = -42*s + 11. Is b(w) a prime number?
False
Let i(t) = 1050*t**2 + t - 2. Is i(1) prime?
True
Suppose -2*v = -g - 1, v + 28 - 11 = 4*g. Suppose -5*r = -3*h - 68 - 39, -2*r + v*h = -50. Is r a prime number?
True
Let i(j) = 48*j**3 + 2*j**2 - 2*j + 1. Let a(y) be the first derivative of -y**3/3 - y**2 + y + 1. Let r be a(-2). Is i(r) a prime number?
False
Let w = 1 + 2. Suppose 0 = 5*u - 5*y - 130, 4*u - 8*y + 3*y = 109. Suppose -w*a + u = -81. Is a a composite number?
True
Let a(o) = 2*o - 1. Let n be a(-3). Let d be 3/(-3)*2 - n. Let j = d - -80. Is j prime?
False
Suppose 0*u = 5*u + 10. Let x be ((-6)/(-9))/(u/(-54)). Let m = -11 + x. Is m a prime number?
True
Let r be ((-1)/(-4))/(3/84). Is (-1044)/(-28) - 2/r composite?
False
Suppose 0 = -5*k - 4*z + 19, 5*k + 0*k = z + 14. Suppose -2*m - k*m - 3 = 3*c, m + 2*c + 2 = 0. Suppose m = 4*h - 193 - 83. Is h composite?
True
Suppose -5 = -2*a - 153. Let j = -102 - -243. Let g = a + j. Is g composite?
False
Let z(h) = -h**3 - 3*h**2 - h + 7. Is z(-8) composite?
True
Let i(d) = -d**2 + 39. Suppose 0 = 2*x - 5*x. Let b be i(x). Suppose b = 5*o - 36. Is o a prime number?
False
Is -14*((-5)/(-2))/(-1) prime?
False
Suppose 15 = 2*z + 3*z. Suppose -v + u = -0*v - 6, 0 = 2*v + z*u - 7. Suppose -v*y - 162 = -5*d - 57, 2*y = 4. Is d prime?
True
Let o = -160 - -279. Is o a composite number?
True
Let f(b) = -b + 2. Let w be f(-6). Let n be 10/15 - w/(-6). Suppose -76 = -n*u - g, -13 = -4*u - g + 137. Is u composite?
False
Let b = -12 + 52. Let y = -3 + 101. Let x = y - b. Is x prime?
False
Suppose -3*u - 2*u + 2*k = -51, -5*k = -3*u + 23. Is -2*u*10/(-4) prime?
False
Suppose -2*b - 66 = -b. Is (-8210)/(-22) - (-12)/b a composite number?
False
Let t = 456 - 104. Is 3/(-15) - t/(-10) prime?
False
Let t(o) = -o**3 - 2*o**2 + 2. Suppose 2*m + 13 = -j, j - 27 + 5 = 5*m. Is t(m) a prime number?
False
Suppose 2 = -4*l + 10. Suppose -629 = -3*x - l*b - 0*b, -5*x - b = -1053. Is x composite?
False
Suppose 1038 = -33*i + 35*i. Is i a prime number?
False
Suppose 1 + 7 = 4*y. Is 275/4 + y/8 a composite number?
True
Suppose 4*p - 3*c = 461 - 48, 2*p - 205 = 3*c. Suppose -j + p = 5*z, -8 = -3*z + 3*j + 58. Is z composite?
True
Let n be 4/16 - (-583)/4. Suppose 4*y + n = 530. Suppose 4*b + 4*z - 75 = 3*z, -5*b + z + y = 0. Is b a prime number?
True
Let o = 342 + -139. Is o composite?
True
Let f = 34 + -23. Suppose -5*t + 20 = 0, 7*u = 2*u - 5*t + 35. Suppose u*a - f = 58. Is a a prime number?
True
Let b(y) be the third derivative of -65*y**4/8 - 2*y**2. Let v be b(1). Is (-2)/(-12) - v/18 prime?
True
Let d = -2 - -4. Suppose 2*g = 6 - d. Suppose 39 = 3*t - g*t + 2*j, 2*t - 2*j - 66 = 0. Is t composite?
True
Suppose 5*f - 348 = 452. Is f - (9/3 + -2) a composite number?
True
Suppose -h - 537 = -2*h. Is h a prime number?
False
Let v(d) = 0 - 67*d + 5 - 3. Let s = -2 - 1. Is v(s) a prime number?
False
Is 64/(-48) - 281*46/(-6) prime?
True
Let i(m) = 20*m**2 - 2*m + 3. Suppose 11 - 5 = 3*r. Is i(r) composite?
False
Suppose t - 5 - 52 = 0. Is t prime?
False
Let d(s) = -11*s - 166. Let k(j) = 5*j + 83. Let x(z) = 4*d(z) + 9*k(z). Is x(0) a composite number?
False
Let